s + s**2 - 8 + 15 - 8 + 2. Calculate k(w).
1
Let o = -517 + 499. Let z(g) = -g - 16. Calculate z(o).
2
Let l(y) = -4*y**2 + 1 - y**3 - 7*y - 5 + 0*y**2 - 2*y**2. Let r = -27 - -29. Let s = -7 + r. What is l(s)?
6
Let n(a) be the second derivative of -a**3/2 + 3*a**2/2 - 431*a. Calculate n(3).
-6
Suppose -5*r - 59 = 2*c, -2*r + 15*c = 11*c + 14. Let a(u) = -3*u - 14. Calculate a(r).
19
Let r be (-2 - 0)*(2 + -3). Let k(w) = 4 - 2*w**2 - r*w - 3*w**3 - 2*w + 4*w**3 - 2*w**2. Let j(v) = v**2 - 29*v + 59. Let q be j(27). Give k(q).
9
Let v(y) be the first derivative of y**3/3 + 7*y - 43. Let k be (-6)/27 + 2/9. What is v(k)?
7
Let o(u) be the second derivative of -1/12*u**4 - 7*u + 0 + u**3 + u**2. Give o(6).
2
Let t(g) = g**3 - 3*g**2 + 2. Let h be -3 - (-161)/42 - (-1)/6. Let o be t(h). Let x(z) = -z + 13. What is x(o)?
13
Let k(n) = -18*n - 8. Let v(w) = 2*w + 1. Let h(t) = -6*k(t) - 52*v(t). Let r(l) = 4*l - 4. Let o(x) = 5*h(x) - 4*r(x). Suppose 1 - 13 = 4*s. Determine o(s).
-16
Let c(h) = h + 9. Let k(z) = -7 - 2*z**3 + 0*z**3 + 2*z**2 + z**3 + z**2. Let q be k(3). Give c(q).
2
Let y(v) be the second derivative of v**6/120 + v**5/60 + v**3/2 - 19*v**2/2 - 3*v. Let m(w) be the first derivative of y(w). Give m(0).
3
Let p be (-4)/22 - 80/44. Let y(m) = 3*m**2 + 3*m. Let t(a) = -7*a**2 - 5*a + 1. Let c(d) = p*t(d) - 5*y(d). Give c(-4).
2
Let z(f) = -f + 13. Let v(r) be the second derivative of -r**4/12 - 8*r**3/3 - 11*r**2 + 18*r. Let q be v(-14). What is z(q)?
7
Let a(g) be the second derivative of -g**5/20 - g**4 - 7*g**3/3 - 6*g**2 + 23*g. What is a(-11)?
21
Suppose 2*h + 148 = 6*h. Suppose -2*y + h = -d + 249, 0 = -3*y - 4*d - 340. Let k be (-408)/y - (-2)/9. Let w(m) = -2*m + 1. Calculate w(k).
-7
Let m(x) = x**3 + 6*x**2 - 6*x. Let b be (-5 + (4 - -2))/((-1)/7). What is m(b)?
-7
Let d(x) = 2*x**2 - 2. Let k(g) = -g**2 + 9*g - 1. Let p be k(6). Let b(z) = z**2 - 4*z - 3. Let m be b(7). Suppose m*c + 2 = p*c. Give d(c).
6
Let c(p) be the first derivative of 29 - 11/3*p**3 - 2*p + 1/4*p**4 + 5*p**2. Determine c(10).
-2
Let f be (-8)/(-14)*21/((-42)/14). Let t(r) be the first derivative of -r**3/3 - r**2/2 + 2. Give t(f).
-12
Let g be (-2)/(-360)*-717 + 4. Let m(p) be the third derivative of 0 + 0*p - 4*p**2 - 7/6*p**3 + 1/8*p**4 + g*p**5. Give m(-5).
3
Let p(k) = -k**2 - 2. Suppose -2*f + 5*f = 36. Suppose 0 = -3*j + 8*j - 2*r + 8, -3*r + f = -4*j. Calculate p(j).
-2
Let n(m) = -3*m**3 - 23*m**2 - 20*m - 6. Let z(r) = -r**3 - 1 - 8*r**2 - 1 - 5*r - 2*r. Let q(i) = -3*n(i) + 8*z(i). What is q(-3)?
8
Let z(f) be the first derivative of -f**6/360 - f**5/60 + 5*f**4/24 + f**3 + 18. Let b(k) be the third derivative of z(k). Calculate b(-4).
-3
Let d(c) = -11*c + 1. Suppose -m - 5*i + 9*i = 23, 12 = m + 3*i. Let t be -1 - m*(-6)/(-9). What is d(t)?
-10
Let x(b) = -10*b + 0*b + 2*b - 34*b**2 + 10*b + 3. What is x(-1)?
-33
Let d be 3/(-9) - (6 - 2)/(-12). Let u(z) = -4*z + 14. Give u(d).
14
Let u be -2*(-26)/20 - 4/(-10). Let w(c) = 4*c - 5. What is w(u)?
7
Let n be (-180)/24*(-36)/10. Suppose 0 = -3*q - 6*q + n. Let o(a) = 0*a**3 + 3*a**3 - 4*a**3 + 2*a - 2 + 2*a**2. Determine o(q).
-5
Suppose -7*n = 2*n - 3*n. Let x(h) = h + 4 - 2 + n - 3. What is x(-6)?
-7
Let b(g) = 0*g**2 - 28986 + 2*g - 4*g**3 + 28987 + 2*g**2. Let m be 11/2 + 3/(-6). Suppose -y + 19 = -0*y + m*q, 0 = -5*q + 20. What is b(y)?
5
Suppose -4*m = 3*i - 3*m + 15, -5*m = 5*i + 35. Let u(g) = g + 3*g - 2 + g**3 + 3797*g**2 + 0 - 3791*g**2. What is u(i)?
14
Let g(z) be the first derivative of z**3/3 + 7*z**2 + 9*z - 74. Let x = 0 - 13. Let n be g(x). Let a(u) = -u**3 - 3*u**2 + 2*u - 4. Calculate a(n).
4
Suppose -3*s + 31 = -2. Let b = 4 - s. Let v(l) be the third derivative of -l**4/24 - 5*l**3/6 + 65*l**2. Calculate v(b).
2
Let r(p) be the second derivative of p**3/6 + p**2/2 - 5*p. Let n(w) = 6*w - 2. Let u be n(0). Calculate r(u).
-1
Let l(f) be the third derivative of -f**4/6 + 2*f**3/3 - 37*f**2 - 12*f. Give l(-12).
52
Let n be (63/(-2))/(-3)*(-6)/(-9). Let p(z) = 22*z - 44*z + 23*z + n. What is p(7)?
14
Let n = 9 - 2. Let r(t) be the first derivative of -t**2/2 - 2*t - 1221. Determine r(n).
-9
Suppose 6*c = 5*c - 2. Let x(d) = d**3 + 3*d**2 + 2*d. Let j be x(c). Let b(n) = -n**2 - n + 7. Give b(j).
7
Let a(z) be the second derivative of -z**4/12 + 7*z**3/6 - 7*z**2/2 - 2*z - 43. What is a(8)?
-15
Let y(a) be the third derivative of a**5/60 - 7*a**4/24 + a**3/6 + 3*a**2. Let g be 0*3*(-3)/27 - -7. Determine y(g).
1
Let a(b) = -b**3 - 10*b**2 - 9*b + 5. Let o be a(-9). Let g(l) = l**2 + 2*l. Let i(y) = -3*y**2 - 3*y - 2. Let j(p) = -8*g(p) - 3*i(p). Give j(o).
-4
Let l(p) = 10*p + 13. Let v(f) = -12*f - 14. Let g(r) = 7*l(r) + 6*v(r). Give g(8).
-9
Suppose -141 + 11 = -26*o. Let c(l) = 17*l - 8. Let y(k) = -k**2 + 4*k + 7. Let m be y(5). Let n(t) = -4*t + 2. Let x(s) = m*c(s) + 9*n(s). Calculate x(o).
-8
Let i(t) be the second derivative of t**5/20 - 2*t**4/3 - t**3/6 + 2*t**2 - 3*t. Suppose 53 = 6*o + 5. Calculate i(o).
-4
Let c = -1416 - -1426. Let x(r) = -r**2 + 9*r + 20. Calculate x(c).
10
Let s be 2/8 - (-11 - (-344)/32). Let q(u) be the first derivative of 8 + s*u**2 + 0*u**3 - 3*u**4 + 0*u. Determine q(1).
-11
Let m(a) = 14*a**2 + a - 11. Let n(y) = 9*y**2 - 6. Let u(b) = -3*m(b) + 5*n(b). Let o = 4 - 2. Let d = o + 0. Give u(d).
9
Let d(k) = k**3 - 4*k**2 - 7*k - 2. Let i = 98 - 53. Let y = i + -40. Give d(y).
-12
Let r(d) = 127*d**2 - 11*d - 5. Let m(c) = 23*c**2 - 2*c - 1. Let q(l) = 33*m(l) - 6*r(l). Give q(2).
-15
Let p(k) = -k**3 - 4*k**2 - 2*k. Suppose -2*y + 1 = 3*f + 3, -5*y - 5 = 4*f. Let w(m) = -3*m**2 - m + 2. Let c be w(5). Let s be c/24 - y/4. Determine p(s).
-3
Let f(i) = 7*i - 1. Let u(x) = -17*x - 1. Let y(o) = 9*o. Let z(t) = 2*u(t) + 5*y(t). Let k(n) = 8*f(n) - 5*z(n). What is k(0)?
2
Suppose 0 = -i - 4*j, -2*i = 5*j - j. Suppose -2*g = -i - 2. Let p(s) = s - 2 - g + 0*s + 1. Determine p(5).
3
Let l be (-4 - -5)*(0 - -8). Let o(m) = -m**2 + 10*m - 9. Calculate o(l).
7
Let i(s) be the third derivative of s**4/24 + s**3/6 - 32*s**2. Let v(c) = -1. Let h(n) = -i(n) + 4*v(n). Determine h(-6).
1
Suppose -10*w + 12*w = 6*w. Let m(y) = 3*y + w - y**2 + 0 + 6 - 2. Give m(4).
0
Let o(t) = t + 4. Let n be o(-5). Let b(x) = -x + 6. Suppose 2*q - 4 = 6. Let k(y) = -y + 1. Let s(r) = q*k(r) - b(r). Determine s(n).
3
Let y(w) be the second derivative of 14*w - 1/6*w**3 - 5*w**2 + 0. What is y(-6)?
-4
Let a(h) = 6*h**2 - 4*h + 3. Let q(m) = 7*m**2 - 5*m + 4. Let f(d) = 6*a(d) - 5*q(d). Let i be (120/(-160))/(3/8). Calculate f(i).
0
Let p(z) be the second derivative of -z**5/20 - 7*z**4/12 - z**2/2 - 3*z - 28. Determine p(-7).
-1
Let k(l) = -l - 2. Suppose -4*b = -9*b. Suppose 0 = j - b*j - 12. Suppose -8 + 3 = -5*a, -5*f - j = 3*a. Calculate k(f).
1
Suppose -33*b + 68 = -328. Let q(c) = 2*c - 29. Calculate q(b).
-5
Let g(j) = -6*j + 1. Let f = -353 + 351. Give g(f).
13
Let b(k) be the second derivative of -k**3/6 + 5*k**2/2 + 17*k. Let c be b(6). Let t(w) = -2*w - 1 + 2*w + w. Calculate t(c).
-2
Let t(x) = 91*x**3 + x**2 - 2*x + 2. Let g be t(1). Let h(p) = 97*p - 188*p + 1 + g*p. What is h(7)?
8
Let q be (-4)/(-10) + (-2)/5. Suppose -5*j + 60 = -q*m + 2*m, 2*j = 8. Let x be 36/(-30)*m/6. Let k(v) = v**3 + 4*v**2 + 3*v + 2. What is k(x)?
-10
Let b be 1*(44/66)/((-2)/12). Let s(g) = -g**3 - 3*g**2 + 4*g + 2. Calculate s(b).
2
Let f(m) = m**2 + 9*m + 2. Let a be f(-9). Suppose 3*i = -u - 2, a*u - i = -6*i - 1. Let b(v) = v**3 - 6*v**2 - 7*v - 2. Give b(u).
-2
Let r(c) = 2*c**3 + 2*c**2 + 2*c + 1. Let p be (-10)/(-45) - (2 - (-50)/(-18)). Let a be p*7/(21/(-6)). Give r(a).
-11
Let r(s) = -s**3 + s**2 - s + 2. Let w(y) = y**3 - 6*y**2 + 5*y + 5. Let c = -10 + 15. Let f be w(c). Suppose 3*t = 1 + f. What is r(t)?
-4
Let w(o) = o**2 - 7*o + 3. Let m be (50/(-40))/((-2)/8). Suppose -m = -j + 1. Give w(j).
-3
Let h(z) = 10*z**2 - 5*z - 2. Let m(l) = 2*l**2 - l. Let r(c) = -2*c + 12. Let i be r(9). Let t(w) = i*m(w) + h(w). Calculate t(2).
-8
Let h = -83 + 70. Let m = 15 + h. Let g(c) = -3*c + 2. What is g(m)?
-4
Let c = 23 - 21. Let v(i) = 4*i - 2*i**2 - c*i + 3 - i**2 + 5*i**2. Determine v(-3).
15
Let s(x) = -x**3 - 6*x**2 - 2*x - 6. Suppose 0 = t + 2*t - 30. Suppose -3*